{"id":7957,"date":"2021-10-05T11:12:33","date_gmt":"2021-10-05T09:12:33","guid":{"rendered":"https:\/\/staging-v2.kulturwissenschaften.de\/kwi-international-fellowship-programmes\/cohort-2\/"},"modified":"2023-11-21T13:24:48","modified_gmt":"2023-11-21T12:24:48","slug":"cohort-2","status":"publish","type":"page","link":"https:\/\/www.kulturwissenschaften.de\/en\/kwi-international-fellowship-programmes\/cohort-2\/","title":{"rendered":"Cohort 2"},"content":{"rendered":"<p>Duration of stay: 1 April 2021 \u2013 30 September 2021<\/p>\n<figure id=\"attachment_7771\" aria-describedby=\"caption-attachment-7771\" style=\"width: 640px\" class=\"wp-caption alignnone\"><img loading=\"lazy\" decoding=\"async\" class=\"wp-image-7771 size-large\" src=\"https:\/\/www.kulturwissenschaften.de\/wp-content\/uploads\/2021\/09\/kwi-16-960x640.jpg\" alt=\"From left to right: Ricarda Menn (Coordination, KWI International Fellowships), B\u00e9cquer Segu\u00edn, Chiara Salari (Thyssen@KWI Fellow), Emily Doucet, P\u00e9ter Krist\u00f3f Makai and Director of KWI Essen Julika Griem. \u00a9KWI, Foto: Muchnik, eventfotograf.in\" width=\"640\" height=\"427\" srcset=\"https:\/\/www.kulturwissenschaften.de\/wp-content\/uploads\/2021\/09\/kwi-16-960x640.jpg 960w, https:\/\/www.kulturwissenschaften.de\/wp-content\/uploads\/2021\/09\/kwi-16-480x320.jpg 480w, https:\/\/www.kulturwissenschaften.de\/wp-content\/uploads\/2021\/09\/kwi-16-768x512.jpg 768w, https:\/\/www.kulturwissenschaften.de\/wp-content\/uploads\/2021\/09\/kwi-16-1536x1025.jpg 1536w, https:\/\/www.kulturwissenschaften.de\/wp-content\/uploads\/2021\/09\/kwi-16-2048x1366.jpg 2048w\" sizes=\"auto, (max-width: 640px) 100vw, 640px\" \/><figcaption id=\"caption-attachment-7771\" class=\"wp-caption-text\">Fellows of the 2nd Cohort. From left to right: Ricarda Menn (KWI International Fellowships Coordinator), B\u00e9cquer Segu\u00edn, Chiara Salari, Emily Doucet, P\u00e9ter Krist\u00f3f Makai and Julika Griem (KWI Director). \u00a9KWI, Foto: Muchnik, eventfotograf.in<\/figcaption><\/figure>\n","protected":false},"excerpt":{"rendered":"<p>Duration of stay: 1 April 2021 \u2013 30 September 2021<\/p>\n","protected":false},"author":2,"featured_media":0,"parent":5310,"menu_order":0,"comment_status":"closed","ping_status":"closed","template":"template-previous-fellows.php","meta":{"_acf_changed":false,"footnotes":""},"class_list":["post-7957","page","type-page","status-publish","hentry"],"acf":[],"_links":{"self":[{"href":"https:\/\/www.kulturwissenschaften.de\/en\/wp-json\/wp\/v2\/pages\/7957","targetHints":{"allow":["GET"]}}],"collection":[{"href":"https:\/\/www.kulturwissenschaften.de\/en\/wp-json\/wp\/v2\/pages"}],"about":[{"href":"https:\/\/www.kulturwissenschaften.de\/en\/wp-json\/wp\/v2\/types\/page"}],"author":[{"embeddable":true,"href":"https:\/\/www.kulturwissenschaften.de\/en\/wp-json\/wp\/v2\/users\/2"}],"replies":[{"embeddable":true,"href":"https:\/\/www.kulturwissenschaften.de\/en\/wp-json\/wp\/v2\/comments?post=7957"}],"version-history":[{"count":0,"href":"https:\/\/www.kulturwissenschaften.de\/en\/wp-json\/wp\/v2\/pages\/7957\/revisions"}],"up":[{"embeddable":true,"href":"https:\/\/www.kulturwissenschaften.de\/en\/wp-json\/wp\/v2\/pages\/5310"}],"wp:attachment":[{"href":"https:\/\/www.kulturwissenschaften.de\/en\/wp-json\/wp\/v2\/media?parent=7957"}],"curies":[{"name":"wp","href":"https:\/\/api.w.org\/{rel}","templated":true}]}}

<p>Duration of stay: 1 April 2021 – 30 September 2021</p>
<figure id="attachment_7771" aria-describedby="caption-attachment-7771" style="width: 640px" class="wp-caption alignnone"><img loading="lazy" decoding="async" class="wp-image-7771 size-large" src="https://www.kulturwissenschaften.de/wp-content/uploads/2021/09/kwi-16-960x640.jpg" alt="From left to right: Ricarda Menn (Coordination, KWI International Fellowships), Bécquer Seguín, Chiara Salari (Thyssen@KWI Fellow), Emily Doucet, Péter Kristóf Makai and Director of KWI Essen Julika Griem. ©KWI, Foto: Muchnik, eventfotograf.in" width="640" height="427" srcset="https://www.kulturwissenschaften.de/wp-content/uploads/2021/09/kwi-16-960x640.jpg 960w, https://www.kulturwissenschaften.de/wp-content/uploads/2021/09/kwi-16-480x320.jpg 480w, https://www.kulturwissenschaften.de/wp-content/uploads/2021/09/kwi-16-768x512.jpg 768w, https://www.kulturwissenschaften.de/wp-content/uploads/2021/09/kwi-16-1536x1025.jpg 1536w, https://www.kulturwissenschaften.de/wp-content/uploads/2021/09/kwi-16-2048x1366.jpg 2048w" sizes="auto, (max-width: 640px) 100vw, 640px" /><figcaption id="caption-attachment-7771" class="wp-caption-text">Fellows of the 2nd Cohort. From left to right: Ricarda Menn (KWI International Fellowships Coordinator), Bécquer Seguín, Chiara Salari, Emily Doucet, Péter Kristóf Makai and Julika Griem (KWI Director). ©KWI, Foto: Muchnik, eventfotograf.in</figcaption></figure>
