{"id":18202,"date":"2025-09-25T12:00:40","date_gmt":"2025-09-25T10:00:40","guid":{"rendered":"https:\/\/staging-v2.kulturwissenschaften.de\/?post_type=person&#038;p=18202"},"modified":"2026-03-25T10:52:10","modified_gmt":"2026-03-25T09:52:10","slug":"andrew-fisher","status":"publish","type":"person","link":"https:\/\/www.kulturwissenschaften.de\/en\/person\/andrew-fisher\/","title":{"rendered":"Dr. Andrew Fisher"},"content":{"rendered":"<p>Academic Career<\/p>\n<p>2019 &#8211; 2024<\/p>\n<ul>\n<li>Research Fellow, FAMU, Photgraphy Department of the Academy of Performing Arts, Prague<\/li>\n<\/ul>\n<p>2008 &#8211; 2018<\/p>\n<ul>\n<li>Lecturer in Visual Cultures, Visual Cultures Department, Goldsmiths, University of London<\/li>\n<\/ul>\n<p>2010 &#8211; present<\/p>\n<ul>\n<li>\n<p style=\"margin: 0cm;\">Founding editor of <i>Philosophy of Photography<\/i>, a peer-reviewed journal of contemporary photography theory and criticism<\/p>\n<\/li>\n<\/ul>\n<p>2002 &#8211; 2007<\/p>\n<ul>\n<li>\n<p style=\"margin: 0cm;\">PhD Fine Art \/ Art Theory, Slade School of Art, University College London<\/p>\n<\/li>\n<\/ul>\n<p>1998 &#8211; 2001<\/p>\n<ul>\n<li>\n<p style=\"margin: 0cm;\">Education Coordinator \/ Head of Education, Serpentine Gallery, London<\/p>\n<\/li>\n<\/ul>\n<hr \/>\n<p>Research Interests<\/p>\n<ul>\n<li>\n<p style=\"margin: 0cm;\">Photography history and theory<\/p>\n<\/li>\n<li>\n<p style=\"margin: 0cm; font-variant-caps: normal; font-stretch: normal; font-size-adjust: none; font-kerning: auto; font-variant-alternates: normal; font-variant-ligatures: normal; font-variant-numeric: normal; font-variant-east-asian: normal; font-variant-position: normal; font-variant-emoji: normal; font-feature-settings: normal; font-optical-sizing: auto; font-variation-settings: normal;\">Critical photographic practices<\/p>\n<\/li>\n<li>\n<p style=\"margin: 0cm; font-variant-caps: normal; font-stretch: normal; font-size-adjust: none; font-kerning: auto; font-variant-alternates: normal; font-variant-ligatures: normal; font-variant-numeric: normal; font-variant-east-asian: normal; font-variant-position: normal; font-variant-emoji: normal; font-feature-settings: normal; font-optical-sizing: auto; font-variation-settings: normal;\">Emerging imaging technologies<\/p>\n<\/li>\n<li>\n<p style=\"margin: 0cm; font-variant-caps: normal; font-stretch: normal; font-size-adjust: none; font-kerning: auto; font-variant-alternates: normal; font-variant-ligatures: normal; font-variant-numeric: normal; font-variant-east-asian: normal; font-variant-position: normal; font-variant-emoji: normal; font-feature-settings: normal; font-optical-sizing: auto; font-variation-settings: normal;\">Philosophical \/ phenomenological aesthetics<\/p>\n<\/li>\n<li>\n<p style=\"margin: 0cm; font-variant-caps: normal; font-stretch: normal; font-size-adjust: none; font-kerning: auto; font-variant-alternates: normal; font-variant-ligatures: normal; font-variant-numeric: normal; font-variant-east-asian: normal; font-variant-position: normal; font-variant-emoji: normal; font-feature-settings: normal; font-optical-sizing: auto; font-variation-settings: normal;\">Theories of scale and sequence<\/p>\n<\/li>\n<\/ul>\n<hr \/>\n<p>Publications (Selection)<\/p>\n<ul>\n<li>\n<p style=\"margin: 0cm;\">2024, <i>Expanded visualities: Photography and emerging technologies<\/i>, (Journal special issue co-edited with Theopisti Stylianou-Lambert and Kleanthis Neokleous\u00a0), <i>Philosophy of Photography<\/i>, vol. 15, nos. 1&amp;2.<\/p>\n<\/li>\n<li>\n<p style=\"margin: 0cm;\">2021, \u201cThree Scale Models for a Photographic World: Benjamin, constellation, image and scale\u201d, in <i>Philosophy of Photography<\/i>, vol. 11, nos. 1&amp;2.<\/p>\n<\/li>\n<li>\n<p style=\"margin: 0cm; font-variant-caps: normal; font-stretch: normal; font-size-adjust: none; font-kerning: auto; font-variant-alternates: normal; font-variant-ligatures: normal; font-variant-numeric: normal; font-variant-east-asian: normal; font-variant-position: normal; font-variant-emoji: normal; font-feature-settings: normal; font-optical-sizing: auto; font-variation-settings: normal;\">2021, \u201cLiving With the Excessive Scale of Contemporary Photography\u201d, in <i>Photography Off the Scale<\/i>, Tom\u00e1\u0161 Dvo\u0159\u00e1k &amp; Jussi Parikka (eds.), Edinburgh University Press.<\/p>\n<\/li>\n<li>\n<p style=\"margin: 0cm; font-variant-caps: normal; font-stretch: normal; font-size-adjust: none; font-kerning: auto; font-variant-alternates: normal; font-variant-ligatures: normal; font-variant-numeric: normal; font-variant-east-asian: normal; font-variant-position: normal; font-variant-emoji: normal; font-feature-settings: normal; font-optical-sizing: auto; font-variation-settings: normal;\">2021, \u201c\u0427\u0435\u0442\u044b\u0440\u0435 \u044d\u043f\u0438\u0437\u043e\u0434\u0430 \u0438\u0437 \u0436\u0438\u0437\u043d\u0438 \u0444\u0435\u043d\u043e\u043c\u0435\u043d\u043e\u043b\u043e\u0433\u0438\u0447\u0435\u0441\u043a\u043e\u0433\u043e \u0438 \u0440\u0435\u0432\u043e\u043b\u044e\u0446\u0438\u043e\u043d\u043d\u043e\u0433\u043e \u0438\u043d\u0441\u0442\u0438\u0442\u0443\u0442\u0430\u201d (Four episodes of phenomenological and revolutionary institution), in <i>GAKhN Displaced<\/i>, Anke Hennig (trans.), Anke Hennig &amp; Nikita Sazonov (eds.), Kronos Publishers, Moscow.<\/p>\n<\/li>\n<li>\n<p style=\"margin: 0cm; font-variant-caps: normal; font-stretch: normal; font-size-adjust: none; font-kerning: auto; font-variant-alternates: normal; font-variant-ligatures: normal; font-variant-numeric: normal; font-variant-east-asian: normal; font-variant-position: normal; font-variant-emoji: normal; font-feature-settings: normal; font-optical-sizing: auto; font-variation-settings: normal;\">2020, \u201cDer fotografische Ma\u00dfstab\u201d, in <i>\u00c4sthetik der Skalierung<\/i>, Sonderheft 18, <i>Zeitschrift f\u00fcr \u00c4sthetik und Allgemeine Kunstwissenschaft<\/i>, Carlos Spoerhase, Steffen Siegel &amp; Nikolaus Wegmann (eds.), Hamburg, Felix Meiner Verlag.<\/p>\n<\/li>\n<\/ul>\n","protected":false},"author":154,"featured_media":18930,"template":"","person_category":[288,724,437],"class_list":["post-18202","person","type-person","status-publish","has-post-thumbnail","hentry","person_category-alumni","person_category-cohort-11-en","person_category-fellows"],"acf":[],"_links":{"self":[{"href":"https:\/\/www.kulturwissenschaften.de\/en\/wp-json\/wp\/v2\/person\/18202","targetHints":{"allow":["GET"]}}],"collection":[{"href":"https:\/\/www.kulturwissenschaften.de\/en\/wp-json\/wp\/v2\/person"}],"about":[{"href":"https:\/\/www.kulturwissenschaften.de\/en\/wp-json\/wp\/v2\/types\/person"}],"author":[{"embeddable":true,"href":"https:\/\/www.kulturwissenschaften.de\/en\/wp-json\/wp\/v2\/users\/154"}],"wp:featuredmedia":[{"embeddable":true,"href":"https:\/\/www.kulturwissenschaften.de\/en\/wp-json\/wp\/v2\/media\/18930"}],"wp:attachment":[{"href":"https:\/\/www.kulturwissenschaften.de\/en\/wp-json\/wp\/v2\/media?parent=18202"}],"wp:term":[{"taxonomy":"person_category","embeddable":true,"href":"https:\/\/www.kulturwissenschaften.de\/en\/wp-json\/wp\/v2\/person_category?post=18202"}],"curies":[{"name":"wp","href":"https:\/\/api.w.org\/{rel}","templated":true}]}}

<p>Academic Career</p>
<p>2019 &#8211; 2024</p>
<ul>
<li>Research Fellow, FAMU, Photgraphy Department of the Academy of Performing Arts, Prague</li>
</ul>
<p>2008 &#8211; 2018</p>
<ul>
<li>Lecturer in Visual Cultures, Visual Cultures Department, Goldsmiths, University of London</li>
</ul>
<p>2010 &#8211; present</p>
<ul>
<li>
<p style="margin: 0cm;">Founding editor of <i>Philosophy of Photography</i>, a peer-reviewed journal of contemporary photography theory and criticism</p>
</li>
</ul>
<p>2002 &#8211; 2007</p>
<ul>
<li>
<p style="margin: 0cm;">PhD Fine Art / Art Theory, Slade School of Art, University College London</p>
</li>
</ul>
<p>1998 &#8211; 2001</p>
<ul>
<li>
<p style="margin: 0cm;">Education Coordinator / Head of Education, Serpentine Gallery, London</p>
</li>
</ul>
<hr />
<p>Research Interests</p>
<ul>
<li>
<p style="margin: 0cm;">Photography history and theory</p>
</li>
<li>
<p style="margin: 0cm; font-variant-caps: normal; font-stretch: normal; font-size-adjust: none; font-kerning: auto; font-variant-alternates: normal; font-variant-ligatures: normal; font-variant-numeric: normal; font-variant-east-asian: normal; font-variant-position: normal; font-variant-emoji: normal; font-feature-settings: normal; font-optical-sizing: auto; font-variation-settings: normal;">Critical photographic practices</p>
</li>
<li>
<p style="margin: 0cm; font-variant-caps: normal; font-stretch: normal; font-size-adjust: none; font-kerning: auto; font-variant-alternates: normal; font-variant-ligatures: normal; font-variant-numeric: normal; font-variant-east-asian: normal; font-variant-position: normal; font-variant-emoji: normal; font-feature-settings: normal; font-optical-sizing: auto; font-variation-settings: normal;">Emerging imaging technologies</p>
</li>
<li>
<p style="margin: 0cm; font-variant-caps: normal; font-stretch: normal; font-size-adjust: none; font-kerning: auto; font-variant-alternates: normal; font-variant-ligatures: normal; font-variant-numeric: normal; font-variant-east-asian: normal; font-variant-position: normal; font-variant-emoji: normal; font-feature-settings: normal; font-optical-sizing: auto; font-variation-settings: normal;">Philosophical / phenomenological aesthetics</p>
</li>
<li>
<p style="margin: 0cm; font-variant-caps: normal; font-stretch: normal; font-size-adjust: none; font-kerning: auto; font-variant-alternates: normal; font-variant-ligatures: normal; font-variant-numeric: normal; font-variant-east-asian: normal; font-variant-position: normal; font-variant-emoji: normal; font-feature-settings: normal; font-optical-sizing: auto; font-variation-settings: normal;">Theories of scale and sequence</p>
</li>
</ul>
<hr />
<p>Publications (Selection)</p>
<ul>
<li>
<p style="margin: 0cm;">2024, <i>Expanded visualities: Photography and emerging technologies</i>, (Journal special issue co-edited with Theopisti Stylianou-Lambert and Kleanthis Neokleous ), <i>Philosophy of Photography</i>, vol. 15, nos. 1&amp;2.</p>
</li>
<li>
<p style="margin: 0cm;">2021, “Three Scale Models for a Photographic World: Benjamin, constellation, image and scale”, in <i>Philosophy of Photography</i>, vol. 11, nos. 1&amp;2.</p>
</li>
<li>
<p style="margin: 0cm; font-variant-caps: normal; font-stretch: normal; font-size-adjust: none; font-kerning: auto; font-variant-alternates: normal; font-variant-ligatures: normal; font-variant-numeric: normal; font-variant-east-asian: normal; font-variant-position: normal; font-variant-emoji: normal; font-feature-settings: normal; font-optical-sizing: auto; font-variation-settings: normal;">2021, “Living With the Excessive Scale of Contemporary Photography”, in <i>Photography Off the Scale</i>, Tomáš Dvořák &amp; Jussi Parikka (eds.), Edinburgh University Press.</p>
</li>
<li>
<p style="margin: 0cm; font-variant-caps: normal; font-stretch: normal; font-size-adjust: none; font-kerning: auto; font-variant-alternates: normal; font-variant-ligatures: normal; font-variant-numeric: normal; font-variant-east-asian: normal; font-variant-position: normal; font-variant-emoji: normal; font-feature-settings: normal; font-optical-sizing: auto; font-variation-settings: normal;">2021, “Четыре эпизода из жизни феноменологического и революционного института” (Four episodes of phenomenological and revolutionary institution), in <i>GAKhN Displaced</i>, Anke Hennig (trans.), Anke Hennig &amp; Nikita Sazonov (eds.), Kronos Publishers, Moscow.</p>
</li>
<li>
<p style="margin: 0cm; font-variant-caps: normal; font-stretch: normal; font-size-adjust: none; font-kerning: auto; font-variant-alternates: normal; font-variant-ligatures: normal; font-variant-numeric: normal; font-variant-east-asian: normal; font-variant-position: normal; font-variant-emoji: normal; font-feature-settings: normal; font-optical-sizing: auto; font-variation-settings: normal;">2020, “Der fotografische Maßstab”, in <i>Ästhetik der Skalierung</i>, Sonderheft 18, <i>Zeitschrift für Ästhetik und Allgemeine Kunstwissenschaft</i>, Carlos Spoerhase, Steffen Siegel &amp; Nikolaus Wegmann (eds.), Hamburg, Felix Meiner Verlag.</p>
</li>
</ul>
