{"id":20534,"date":"2026-09-02T11:10:13","date_gmt":"2026-09-02T09:10:13","guid":{"rendered":"https:\/\/www.kulturwissenschaften.de\/?post_type=veranstaltung&#038;p=20534"},"modified":"2026-09-02T11:11:01","modified_gmt":"2026-09-02T09:11:01","slug":"buchvorstellung-mit-tim-schanetzky","status":"publish","type":"veranstaltung","link":"https:\/\/www.kulturwissenschaften.de\/en\/veranstaltung\/buchvorstellung-mit-tim-schanetzky\/","title":{"rendered":"Buchvorstellung mit Tim Schanetzky: Der Mann f\u00fcrs Bunte"},"content":{"rendered":"<p>Das neue Medium wurde seine Chance: Franz Burda (1903\u20131986), Sohn eines kleinen Druckereibesitzers im beschaulichen Offenburg, war fr\u00fch zur Stelle, als sich Mitte der Zwanziger Jahre der Siegeszug des Rundfunks abzuzeichnen begann. Ausgehend von der Radio-Programmzeitschrift S\u00fcrag entwickelte Burda seinen Betrieb, der auch in der NS-Zeit weiterwuchs, nach dem Krieg zu einem Druck- und Verlagskonzern, der heute zu den gr\u00f6\u00dften Medien-unternehmen Deutschlands z\u00e4hlt.<br \/>\n\u00abIch mache ein unpolitisches Blatt.\u00bb Franz Burda, 1962<br \/>\nNach politischer Anpassung im \u00abDritten Reich\u00bb, \u00abArisierungs\u00bb-Gewinnen und geschicktem Agieren in der Besatzungszeit bediente Franz Burda vom S\u00fcdwesten aus die junge Bundesrepublik millionenfach mit farbigem Unterhaltungsstoff, Schnittmustern und Warenkatalogen. Aus der Illustrierten-Konkurrenz der F\u00fcnfziger Jahre ging die Bunte dauerhaft erfolgreich hervor, Burda Moden von Ehefrau Aenne pr\u00e4gte ma\u00dfgeblich den Kleidungsstil der Epoche, und mit der allj\u00e4hrlichen \u00abBambi\u00bb-Verleihung schrieben sich die Burdas in die Geschichte der deutschen Fernsehunterhaltung ein. Entlang der Biographie des Firmengr\u00fcnders legen die Autoren den politischen Kern einer \u00abbunten\u00bb Unterhaltung frei, die in drei politischen Systemen verfing. Zugleich er\u00f6ffnet ihre anschauliche Darstellung einen frischen Blick auf die Medien-, Gesellschafts- und Mentalit\u00e4tsgeschichte der \u00abalten\u00bb Bundesrepublik.<\/p>\n<p><em>Das Buch <a href=\"https:\/\/www.chbeck.de\/frei-steinbacher-schanetzky-mann-fuers-bunte\/product\/40993598\" target=\"_blank\" rel=\"noopener\">&#8220;Der Mann f\u00fcrs Bunte. Franz Burda und sein Medienunternehmen&#8221;<\/a> von Norbert Frei, Tim Schanetzky und Sybille Steinbacher erscheint am 24. September 2026 bei C.H.Beck.<\/em><\/p>\n<p>\u00dcber die Autoren:<br \/>\n<strong>Norbert Frei <\/strong>ist Professor em. f\u00fcr Neuere und Neueste Geschichte an der Friedrich-Schiller-Universit\u00e4t Jena. Bei C.H.Beck sind von ihm u.a. erschienen: \u00abDer F\u00fchrerstaat\u00bb (2013), \u00abVergangenheitspolitik\u00bb (32012) und \u00abKonrad Adenauer. Kanzler nach der Katastrophe\u00bb (42026).<br \/>\n<strong>Tim Schanetzky <\/strong>lehrt derzeit Neueste Geschichte und Zeitgeschichte in Freiburg und ist Inhaber einer Heisenberg-Stelle am Kulturwissenschaftlichen Institut in Essen. Bei C.H.Beck ist von ihm erschienen: \u00abKanonen statt Butter. Wirtschaft und Konsum im Dritten Reich\u00bb (2015).<br \/>\n<strong>Sybille Steinbacher <\/strong>ist Professorin f\u00fcr die Geschichte und Wirkung des Holocaust an der Goethe-Universit\u00e4t Frankfurt am Main und Direktorin des Fritz Bauer Instituts. Bei C.H.Beck sind von ihr erschienen: \u00abHitler\u00bb (2025) und \u00abAuschwitz\u00bb (\u20762025).<\/p>\n","protected":false},"featured_media":0,"template":"","event_category":[44],"class_list":["post-20534","veranstaltung","type-veranstaltung","status-publish","hentry","event_category-kwi-on-tour"],"acf":[],"_links":{"self":[{"href":"https:\/\/www.kulturwissenschaften.de\/en\/wp-json\/wp\/v2\/veranstaltung\/20534","targetHints":{"allow":["GET"]}}],"collection":[{"href":"https:\/\/www.kulturwissenschaften.de\/en\/wp-json\/wp\/v2\/veranstaltung"}],"about":[{"href":"https:\/\/www.kulturwissenschaften.de\/en\/wp-json\/wp\/v2\/types\/veranstaltung"}],"wp:attachment":[{"href":"https:\/\/www.kulturwissenschaften.de\/en\/wp-json\/wp\/v2\/media?parent=20534"}],"wp:term":[{"taxonomy":"event_category","embeddable":true,"href":"https:\/\/www.kulturwissenschaften.de\/en\/wp-json\/wp\/v2\/event_category?post=20534"}],"curies":[{"name":"wp","href":"https:\/\/api.w.org\/{rel}","templated":true}]}}

Buchvorstellung mit Tim Schanetzky: Der Mann fürs Bunte

<p>Das neue Medium wurde seine Chance: Franz Burda (1903–1986), Sohn eines kleinen Druckereibesitzers im beschaulichen Offenburg, war früh zur Stelle, als sich Mitte der Zwanziger Jahre der Siegeszug des Rundfunks abzuzeichnen begann. Ausgehend von der Radio-Programmzeitschrift Sürag entwickelte Burda seinen Betrieb, der auch in der NS-Zeit weiterwuchs, nach dem Krieg zu einem Druck- und Verlagskonzern, der heute zu den größten Medien-unternehmen Deutschlands zählt.<br />
«Ich mache ein unpolitisches Blatt.» Franz Burda, 1962<br />
Nach politischer Anpassung im «Dritten Reich», «Arisierungs»-Gewinnen und geschicktem Agieren in der Besatzungszeit bediente Franz Burda vom Südwesten aus die junge Bundesrepublik millionenfach mit farbigem Unterhaltungsstoff, Schnittmustern und Warenkatalogen. Aus der Illustrierten-Konkurrenz der Fünfziger Jahre ging die Bunte dauerhaft erfolgreich hervor, Burda Moden von Ehefrau Aenne prägte maßgeblich den Kleidungsstil der Epoche, und mit der alljährlichen «Bambi»-Verleihung schrieben sich die Burdas in die Geschichte der deutschen Fernsehunterhaltung ein. Entlang der Biographie des Firmengründers legen die Autoren den politischen Kern einer «bunten» Unterhaltung frei, die in drei politischen Systemen verfing. Zugleich eröffnet ihre anschauliche Darstellung einen frischen Blick auf die Medien-, Gesellschafts- und Mentalitätsgeschichte der «alten» Bundesrepublik.</p>
<p><em>Das Buch <a href="https://www.chbeck.de/frei-steinbacher-schanetzky-mann-fuers-bunte/product/40993598" target="_blank" rel="noopener">&#8220;Der Mann fürs Bunte. Franz Burda und sein Medienunternehmen&#8221;</a> von Norbert Frei, Tim Schanetzky und Sybille Steinbacher erscheint am 24. September 2026 bei C.H.Beck.</em></p>
<p>Über die Autoren:<br />
<strong>Norbert Frei </strong>ist Professor em. für Neuere und Neueste Geschichte an der Friedrich-Schiller-Universität Jena. Bei C.H.Beck sind von ihm u.a. erschienen: «Der Führerstaat» (2013), «Vergangenheitspolitik» (32012) und «Konrad Adenauer. Kanzler nach der Katastrophe» (42026).<br />
<strong>Tim Schanetzky </strong>lehrt derzeit Neueste Geschichte und Zeitgeschichte in Freiburg und ist Inhaber einer Heisenberg-Stelle am Kulturwissenschaftlichen Institut in Essen. Bei C.H.Beck ist von ihm erschienen: «Kanonen statt Butter. Wirtschaft und Konsum im Dritten Reich» (2015).<br />
<strong>Sybille Steinbacher </strong>ist Professorin für die Geschichte und Wirkung des Holocaust an der Goethe-Universität Frankfurt am Main und Direktorin des Fritz Bauer Instituts. Bei C.H.Beck sind von ihr erschienen: «Hitler» (2025) und «Auschwitz» (⁶2025).</p>
